t are the prime factors of w(1)?
823
Suppose 0 = n - 4, 5*j = -n - 0*n + 29. Suppose -2*l = -j*l + 57. List the prime factors of l.
19
Let h = 13 + -20. Let c(b) = -8*b - 6. What are the prime factors of c(h)?
2, 5
Suppose -2*m = -2*c + 7 - 3, -3*c - 36 = 3*m. Let z(r) = -16*r - 15. What are the prime factors of z(m)?
97
Let y(p) = -3*p**2 + 73*p + 4. List the prime factors of y(13).
2, 223
Let b be (280/(-9))/(-5) + (-4)/18. Suppose 0*i + i = 0. Suppose i = 2*d + 2*s - 16, 3*s - b = -2*d - s. List the prime factors of d.
13
Let j = -879 - -1615. What are the prime factors of j?
2, 23
Let m = 2 + 173. Let u = -32 + m. List the prime factors of u.
11, 13
Suppose -6 = 3*n + 5*y, 9 = -5*n + 4*y - 1. What are the prime factors of (-6)/(n*3/87)?
3, 29
Let c be (4 - 0) + 0/(-7). Suppose l + 0 = c. Suppose 5*r + l*t = 75, -5*r - 4*t + 80 = t. What are the prime factors of r?
11
Suppose 0 = 4*v + 5*t + 72, t + 84 = -4*v - t. Let r = v - -6. Let f = 7 - r. What are the prime factors of f?
2, 3
Suppose 5*t + 0 = 60. Suppose -t = 2*z - 2*w, 4*z + 0*z - 5*w = -21. Let u(n) = n**2 + 7*n - 13. List the prime factors of u(z).
5
Let o = -26 + 28. Suppose -2*b = -3*w - 157, -o*b - b + 2*w + 243 = 0. List the prime factors of b.
83
Let h(i) = -i. Let q be h(-15). Suppose 0 = q*b - 7*b - 288. What are the prime factors of b?
2, 3
Suppose -6 = -15*d + 13*d. Suppose -5*c + 0*c = -4*v + 543, 0 = d*v + 2*c - 390. What are the prime factors of v?
2, 3, 11
Let k be (3 - -1)*9/6. Suppose 2*c + c = 4*n - 8, 3*n - c = k. Suppose n*q = 4*g - 36, 5*q = 4*g - 5*g - 2. What are the prime factors of g?
2
Let s(y) = -3*y**2 - 2*y - 1. Let n be s(-3). Let h = 37 + n. List the prime factors of h.
3, 5
Let c = 1974 + -1127. List the prime factors of c.
7, 11
Let t(p) = -9*p - 42. Let n be t(-5). Suppose 4*u + 66 = 2*r + n*r, 0 = 5*r + 2*u - 42. What are the prime factors of r?
2, 5
Let c be ((240/(-9))/(-2))/(4/(-12)). Let o = c - -128. What are the prime factors of o?
2, 11
Let t(p) = -3*p**2 + 7. Let v be t(-3). Let u(k) = k**3 + 19*k**2 - 21*k + 16. List the prime factors of u(v).
2, 3
Let y(f) = 13*f**2 - 51*f + 250. What are the prime factors of y(21)?
2, 307
Let l be 5/(10/2) - 0. Let x(n) = 76*n**3 - 2*n**2. List the prime factors of x(l).
2, 37
List the prime factors of (-17876)/(-10) - 364/(-260).
1789
Let v be -3 + 36/2 + 1. Let l = 10 - v. What are the prime factors of l/12 + (-106)/(-4)?
2, 13
Suppose -v + 2 = 2*z, 4*v - 2*z = -v + 10. Suppose -v*j = -o + 114, 3*j + 359 = 4*o - 82. What are the prime factors of o?
2, 3
Let x(o) = o + 11. Let c be x(-12). List the prime factors of (-273)/(-12) + c + (-9)/12.
3, 7
Suppose -g = -2*u - 8, 2*u = -g - 2*g. Suppose h + g*h = 0. What are the prime factors of (27 + (-4 - h))*1?
23
Suppose 5*q + 458 - 943 = 0. What are the prime factors of q?
97
Let o(k) = -2*k + 3. Let q be o(-4). Suppose -2*b + 30 = b. Let a = q + b. List the prime factors of a.
3, 7
Let i be (1/(-2))/((-50)/16 - -3). Suppose -13 + 87 = 3*v - i*m, -30 = -v + 4*m. List the prime factors of v.
2, 11
Let x be (-4445)/(-10) + 2/4. Suppose 0 = 4*u, 5*d - 2*u = -u + x. What are the prime factors of d?
89
Let m = -1789 - -2767. List the prime factors of m.
2, 3, 163
Let j(w) = -3*w**2 + 2*w - 6. Let l(d) = -5*d**2 + 4*d - 11. Let y(n) = -11*j(n) + 6*l(n). Let h be 4 - ((-3 + 4)*6 - 4). List the prime factors of y(h).
2
Suppose -2*t = -5*d - 69, -5*t = -3*d - 31 + 1. Let y be (-6)/d - 6/(-10). Let a = 4 - y. What are the prime factors of a?
3
Let t = 458 - 455. Let q = -7 - -10. Suppose -171 = -4*m - t*b, -q*m = -m - 4*b - 102. What are the prime factors of m?
3, 5
Suppose a + 9 = 2*a. Suppose 4*f - 4 = 0, -a = 3*c + 2*f - 200. What are the prime factors of c?
3, 7
What are the prime factors of 4/10 - 7316/(-10)?
2, 3, 61
Let p = 190 + -151. Let s(i) = i**2 - 4*i - 3. Let m be s(4). Let w = m + p. List the prime factors of w.
2, 3
Let b(y) be the first derivative of -y**3/3 - 4*y**2 + 2*y + 5. Let f be b(-4). Let a = 35 - f. What are the prime factors of a?
17
Let n = -368 + 515. Suppose 5*a + 5*h = 390, 2*a - n = 3*h - 2*h. List the prime factors of a.
3, 5
Suppose 0 = -5*z + 404 + 716. What are the prime factors of z?
2, 7
Suppose 3800 + 2572 = -4*l. Suppose f + 20 = 11*f. List the prime factors of (f/3)/((-18)/l).
59
Suppose -2 = -7*l + 4*l - 2*r, -4 = -l + r. List the prime factors of (-1)/l*(-22 - (-1 + 1)).
11
Suppose -r + 3*w = w + 6, 0 = -r + w - 10. Let y = r - -11. Let p(f) = f**3 + 7*f**2 - 4. List the prime factors of p(y).
2
Suppose 0 = 3*p - 4*s - 109, -p - 2*s = -4 - 49. Suppose -6*c + 377 = -p. What are the prime factors of c?
2, 5, 7
Let a(x) = -2*x**3 + 23*x**2 + x - 9. What are the prime factors of a(11)?
3, 41
Let m(w) = -w**2 - 1. Let x be m(-1). Let b = 7 + x. Suppose 0 = b*j - j - 168. What are the prime factors of j?
2, 3, 7
Suppose 2*w - 4 = l + 2, -57 = 5*l - w. Let x(c) = c**2 + 11*c - 12. Let f be x(l). What are the prime factors of -3 - -22 - (1 + f)?
2, 3
Suppose -5*j + 2219 = -2*u + 6*u, 4*j - 1772 = -4*u. List the prime factors of j.
3, 149
Suppose -2*j - 5*r - 1695 = -7*j, 3*r - 9 = 0. List the prime factors of j.
2, 3, 19
Suppose x = 3*w - 3*x - 40, 3*x = -3. Let i be -23*(-1 + 6/(-2)). Suppose -5*h - w + i = 5*l, 0 = h - l - 22. List the prime factors of h.
19
Suppose 248 = r - 54. What are the prime factors of r?
2, 151
Suppose 0*k - 5*n - 70 = -k, -5*n - 130 = -2*k. Suppose 0 = 3*m - 5*m + k. List the prime factors of m.
2, 3, 5
Suppose 7*u + 500 - 4700 = 0. What are the prime factors of u?
2, 3, 5
Suppose 0 = -i - 0 + 5. Suppose -4*t + 5*t = -3*s + 23, i*s - 15 = 0. Let w(b) = b + 8. List the prime factors of w(t).
2, 11
Suppose 5*b + 5*z - 30 = 0, 2*z - 16 = -6*b + 2*b. Suppose 4*x - 3*g = -5*g + 360, 5*g + 156 = b*x. List the prime factors of x.
2, 11
Let s(x) = -20 + 4*x**3 - 3*x**3 + 3*x + 6*x**3 + 6 - 6*x**2. Let g(a) = -a**3 + 1. Let d(z) = 6*g(z) + s(z). List the prime factors of d(6).
2, 5
Let g(j) = 179*j**2 - j + 1. Let c be g(1). Let r = -109 + c. List the prime factors of r.
2, 5, 7
Let i(r) = 2*r + 17 - 6*r + 3*r + 5*r. What are the prime factors of i(7)?
3, 5
Suppose 2*p + 2*w + 128 = 6*p, -4*p - 2*w + 112 = 0. Suppose -17*b - p = -18*b. List the prime factors of b.
2, 3, 5
Let w(q) = q**2 - q - 1. Let b(g) = -36*g - 7. Let i(p) = -b(p) - 2*w(p). What are the prime factors of i(18)?
3, 5
Let m be -25 + (1 - 6) + 1. Let q = m - -32. What are the prime factors of 30/(q - 10/4)?
2, 3, 5
Let y(d) = d**3 - 8*d**2 - d + 11. Let g(f) = f**3 - 2*f**2 - f + 2. Let i be g(3). Let c be y(i). List the prime factors of (c + 6)/((-3)/(-2)).
2, 3
Suppose 0 = 11*q - 717 - 1076. What are the prime factors of q?
163
Let m(w) = -7*w - 11. Let o be m(-2). Suppose 4*h - 3*l = 699, -o*h - 7*l = -11*l - 533. List the prime factors of h.
3, 19
What are the prime factors of (5 - 1 - -572) + 3?
3, 193
Let y = -260 + 422. Suppose -3*m + 2*i = -0*m - y, 2*i - 254 = -5*m. What are the prime factors of m?
2, 13
Let b(d) = 5*d**2 + 31*d - 17. What are the prime factors of b(-12)?
331
Let m(z) = 2*z**2 - 18*z + 8. Let i be m(9). Suppose 2*c + 282 = i*c. Let f = c - -27. List the prime factors of f.
2, 37
Let s be ((-1)/(-2))/((-2)/(-12)). Suppose -114 = -t + h, 4*t - s*h = 392 + 64. List the prime factors of t.
2, 3, 19
Let o = 0 - -3. Suppose 2*a + 257 = 5*q, -2*q + 0*a = -o*a - 94. Let c = q - 38. List the prime factors of c.
3, 5
Suppose x + 3*x = 524. Let o = -90 + x. What are the prime factors of o?
41
Suppose 22*k - 23353 = 53075. List the prime factors of k.
2, 3, 193
Let d(a) be the second derivative of 17*a**3 - a**2 - a. List the prime factors of d(1).
2, 5
Suppose -3*l + 1782 - 620 = -2*k, -4*l + 1554 = 2*k. What are the prime factors of l?
2, 97
Suppose 2*g = -2*q + 403 + 1175, 5*g - q - 3951 = 0. What are the prime factors of g?
2, 5, 79
Let k(m) = 18*m - 17*m - 24*m. List the prime factors of k(-3).
3, 23
Let r(w) = -5*w. Suppose -1 = -4*u + 7. Let y be r(u). List the prime factors of (-5)/1*(7 + y).
3, 5
Let o be 1*(-4 + (5 - -4) + -2). Suppose 3*v + 0*v = -2*x + 438, 3*v = o*x - 627. What are the prime factors of x?
3, 71
Suppose 2*l = 648 + 5180. List the prime factors of l.
2, 31, 47
Let z(f) = 1 + 8 - 6*f + f**2 + 0*f + 4. 